{"id":2173,"date":"2022-08-29T20:08:14","date_gmt":"2022-08-29T20:08:14","guid":{"rendered":"https:\/\/ekoelprom.pl\/kadra\/pawel-dobranowski\/"},"modified":"2022-09-06T21:43:26","modified_gmt":"2022-09-06T21:43:26","slug":"pawel-dobranowski","status":"publish","type":"kadra","link":"https:\/\/ekoelprom.pl\/en\/kadra\/pawel-dobranowski\/","title":{"rendered":"Pawe\u0142 Dobranowski"},"featured_media":1803,"template":"","class_list":["post-2173","kadra","type-kadra","status-publish","has-post-thumbnail","hentry"],"yoast_head":"<!-- This site is optimized with the Yoast SEO plugin v27.2 - https:\/\/yoast.com\/product\/yoast-seo-wordpress\/ -->\n<title>Pawe\u0142 Dobranowski - EkoElprom<\/title>\n<meta name=\"robots\" content=\"index, follow, max-snippet:-1, max-image-preview:large, max-video-preview:-1\" \/>\n<link rel=\"canonical\" href=\"https:\/\/ekoelprom.pl\/en\/kadra\/pawel-dobranowski\/\" \/>\n<meta property=\"og:locale\" content=\"en_US\" \/>\n<meta property=\"og:type\" content=\"article\" \/>\n<meta property=\"og:title\" content=\"Pawe\u0142 Dobranowski - EkoElprom\" \/>\n<meta property=\"og:description\" content=\"Projektant sieci telekomunikacyjnych- sta\u0142a wsp\u00f3\u0142praca W 1999r. uko\u0144czy\u0142\u00a0Akademia G\u00f3rniczo- Hutnicza w Krakowie, kierunek elektronika i telekomunikacja o specjalno\u015bci telekomunikacja Od 2006r. posiada uprawnienia budowlane w zakresie telekomunikacji do projektowania i kierowania robotami bez ogranicze\u0144. Certyfikaty\/Uprawnienia: Licencja pracownika zabezpieczenia technicznego II st. 0006133. Dyplom PISA projektowanie sys. zabezp. technicznych kl.SA1-4 Kurs CNBOP projektowanie sys. wykrywania i [&hellip;]\" \/>\n<meta property=\"og:url\" content=\"https:\/\/ekoelprom.pl\/en\/kadra\/pawel-dobranowski\/\" \/>\n<meta property=\"og:site_name\" content=\"EkoElprom\" \/>\n<meta property=\"article:modified_time\" content=\"2022-09-06T21:43:26+00:00\" \/>\n<meta property=\"og:image\" content=\"https:\/\/ekoelprom.pl\/wp-content\/uploads\/2022\/08\/Wroclavia-xx.jpg\" \/>\n\t<meta property=\"og:image:width\" content=\"800\" \/>\n\t<meta property=\"og:image:height\" content=\"450\" \/>\n\t<meta property=\"og:image:type\" content=\"image\/jpeg\" \/>\n<meta name=\"twitter:card\" content=\"summary_large_image\" \/>\n<script type=\"application\/ld+json\" class=\"yoast-schema-graph\">{\"@context\":\"https:\/\/schema.org\",\"@graph\":[{\"@type\":\"WebPage\",\"@id\":\"https:\/\/ekoelprom.pl\/en\/kadra\/pawel-dobranowski\/\",\"url\":\"https:\/\/ekoelprom.pl\/en\/kadra\/pawel-dobranowski\/\",\"name\":\"Pawe\u0142 Dobranowski - EkoElprom\",\"isPartOf\":{\"@id\":\"https:\/\/ekoelprom.pl\/#website\"},\"primaryImageOfPage\":{\"@id\":\"https:\/\/ekoelprom.pl\/en\/kadra\/pawel-dobranowski\/#primaryimage\"},\"image\":{\"@id\":\"https:\/\/ekoelprom.pl\/en\/kadra\/pawel-dobranowski\/#primaryimage\"},\"thumbnailUrl\":\"https:\/\/ekoelprom.pl\/wp-content\/uploads\/2022\/08\/Wroclavia-xx.jpg\",\"datePublished\":\"2022-08-29T20:08:14+00:00\",\"dateModified\":\"2022-09-06T21:43:26+00:00\",\"breadcrumb\":{\"@id\":\"https:\/\/ekoelprom.pl\/en\/kadra\/pawel-dobranowski\/#breadcrumb\"},\"inLanguage\":\"en-US\",\"potentialAction\":[{\"@type\":\"ReadAction\",\"target\":[\"https:\/\/ekoelprom.pl\/en\/kadra\/pawel-dobranowski\/\"]}]},{\"@type\":\"ImageObject\",\"inLanguage\":\"en-US\",\"@id\":\"https:\/\/ekoelprom.pl\/en\/kadra\/pawel-dobranowski\/#primaryimage\",\"url\":\"https:\/\/ekoelprom.pl\/wp-content\/uploads\/2022\/08\/Wroclavia-xx.jpg\",\"contentUrl\":\"https:\/\/ekoelprom.pl\/wp-content\/uploads\/2022\/08\/Wroclavia-xx.jpg\",\"width\":800,\"height\":450,\"caption\":\"zdj\u0119cie pogl\u0105dowe\"},{\"@type\":\"BreadcrumbList\",\"@id\":\"https:\/\/ekoelprom.pl\/en\/kadra\/pawel-dobranowski\/#breadcrumb\",\"itemListElement\":[{\"@type\":\"ListItem\",\"position\":1,\"name\":\"Strona g\u0142\u00f3wna\",\"item\":\"https:\/\/ekoelprom.pl\/en\/\"},{\"@type\":\"ListItem\",\"position\":2,\"name\":\"Kadra\",\"item\":\"https:\/\/ekoelprom.pl\/kadra\/\"},{\"@type\":\"ListItem\",\"position\":3,\"name\":\"Pawe\u0142 Dobranowski\"}]},{\"@type\":\"WebSite\",\"@id\":\"https:\/\/ekoelprom.pl\/#website\",\"url\":\"https:\/\/ekoelprom.pl\/\",\"name\":\"EkoElprom\",\"description\":\"Instalacje elektryczne, projekty niskopr\u0105dowe, serwerowni, automatyki BMS Krak\u00f3w\",\"publisher\":{\"@id\":\"https:\/\/ekoelprom.pl\/#organization\"},\"potentialAction\":[{\"@type\":\"SearchAction\",\"target\":{\"@type\":\"EntryPoint\",\"urlTemplate\":\"https:\/\/ekoelprom.pl\/?s={search_term_string}\"},\"query-input\":{\"@type\":\"PropertyValueSpecification\",\"valueRequired\":true,\"valueName\":\"search_term_string\"}}],\"inLanguage\":\"en-US\"},{\"@type\":\"Organization\",\"@id\":\"https:\/\/ekoelprom.pl\/#organization\",\"name\":\"Ekoelprom\",\"url\":\"https:\/\/ekoelprom.pl\/\",\"logo\":{\"@type\":\"ImageObject\",\"inLanguage\":\"en-US\",\"@id\":\"https:\/\/ekoelprom.pl\/#\/schema\/logo\/image\/\",\"url\":\"https:\/\/ekoelprom.pl\/wp-content\/uploads\/2022\/08\/ekoelprom_logo.png\",\"contentUrl\":\"https:\/\/ekoelprom.pl\/wp-content\/uploads\/2022\/08\/ekoelprom_logo.png\",\"width\":272,\"height\":83,\"caption\":\"Ekoelprom\"},\"image\":{\"@id\":\"https:\/\/ekoelprom.pl\/#\/schema\/logo\/image\/\"}}]}<\/script>\n<!-- \/ Yoast SEO plugin. -->","yoast_head_json":{"title":"Pawe\u0142 Dobranowski - EkoElprom","robots":{"index":"index","follow":"follow","max-snippet":"max-snippet:-1","max-image-preview":"max-image-preview:large","max-video-preview":"max-video-preview:-1"},"canonical":"https:\/\/ekoelprom.pl\/en\/kadra\/pawel-dobranowski\/","og_locale":"en_US","og_type":"article","og_title":"Pawe\u0142 Dobranowski - EkoElprom","og_description":"Projektant sieci telekomunikacyjnych- sta\u0142a wsp\u00f3\u0142praca W 1999r. uko\u0144czy\u0142\u00a0Akademia G\u00f3rniczo- Hutnicza w Krakowie, kierunek elektronika i telekomunikacja o specjalno\u015bci telekomunikacja Od 2006r. posiada uprawnienia budowlane w zakresie telekomunikacji do projektowania i kierowania robotami bez ogranicze\u0144. Certyfikaty\/Uprawnienia: Licencja pracownika zabezpieczenia technicznego II st. 0006133. Dyplom PISA projektowanie sys. zabezp. technicznych kl.SA1-4 Kurs CNBOP projektowanie sys. wykrywania i [&hellip;]","og_url":"https:\/\/ekoelprom.pl\/en\/kadra\/pawel-dobranowski\/","og_site_name":"EkoElprom","article_modified_time":"2022-09-06T21:43:26+00:00","og_image":[{"width":800,"height":450,"url":"https:\/\/ekoelprom.pl\/wp-content\/uploads\/2022\/08\/Wroclavia-xx.jpg","type":"image\/jpeg"}],"twitter_card":"summary_large_image","schema":{"@context":"https:\/\/schema.org","@graph":[{"@type":"WebPage","@id":"https:\/\/ekoelprom.pl\/en\/kadra\/pawel-dobranowski\/","url":"https:\/\/ekoelprom.pl\/en\/kadra\/pawel-dobranowski\/","name":"Pawe\u0142 Dobranowski - EkoElprom","isPartOf":{"@id":"https:\/\/ekoelprom.pl\/#website"},"primaryImageOfPage":{"@id":"https:\/\/ekoelprom.pl\/en\/kadra\/pawel-dobranowski\/#primaryimage"},"image":{"@id":"https:\/\/ekoelprom.pl\/en\/kadra\/pawel-dobranowski\/#primaryimage"},"thumbnailUrl":"https:\/\/ekoelprom.pl\/wp-content\/uploads\/2022\/08\/Wroclavia-xx.jpg","datePublished":"2022-08-29T20:08:14+00:00","dateModified":"2022-09-06T21:43:26+00:00","breadcrumb":{"@id":"https:\/\/ekoelprom.pl\/en\/kadra\/pawel-dobranowski\/#breadcrumb"},"inLanguage":"en-US","potentialAction":[{"@type":"ReadAction","target":["https:\/\/ekoelprom.pl\/en\/kadra\/pawel-dobranowski\/"]}]},{"@type":"ImageObject","inLanguage":"en-US","@id":"https:\/\/ekoelprom.pl\/en\/kadra\/pawel-dobranowski\/#primaryimage","url":"https:\/\/ekoelprom.pl\/wp-content\/uploads\/2022\/08\/Wroclavia-xx.jpg","contentUrl":"https:\/\/ekoelprom.pl\/wp-content\/uploads\/2022\/08\/Wroclavia-xx.jpg","width":800,"height":450,"caption":"zdj\u0119cie pogl\u0105dowe"},{"@type":"BreadcrumbList","@id":"https:\/\/ekoelprom.pl\/en\/kadra\/pawel-dobranowski\/#breadcrumb","itemListElement":[{"@type":"ListItem","position":1,"name":"Strona g\u0142\u00f3wna","item":"https:\/\/ekoelprom.pl\/en\/"},{"@type":"ListItem","position":2,"name":"Kadra","item":"https:\/\/ekoelprom.pl\/kadra\/"},{"@type":"ListItem","position":3,"name":"Pawe\u0142 Dobranowski"}]},{"@type":"WebSite","@id":"https:\/\/ekoelprom.pl\/#website","url":"https:\/\/ekoelprom.pl\/","name":"EkoElprom","description":"Instalacje elektryczne, projekty niskopr\u0105dowe, serwerowni, automatyki BMS Krak\u00f3w","publisher":{"@id":"https:\/\/ekoelprom.pl\/#organization"},"potentialAction":[{"@type":"SearchAction","target":{"@type":"EntryPoint","urlTemplate":"https:\/\/ekoelprom.pl\/?s={search_term_string}"},"query-input":{"@type":"PropertyValueSpecification","valueRequired":true,"valueName":"search_term_string"}}],"inLanguage":"en-US"},{"@type":"Organization","@id":"https:\/\/ekoelprom.pl\/#organization","name":"Ekoelprom","url":"https:\/\/ekoelprom.pl\/","logo":{"@type":"ImageObject","inLanguage":"en-US","@id":"https:\/\/ekoelprom.pl\/#\/schema\/logo\/image\/","url":"https:\/\/ekoelprom.pl\/wp-content\/uploads\/2022\/08\/ekoelprom_logo.png","contentUrl":"https:\/\/ekoelprom.pl\/wp-content\/uploads\/2022\/08\/ekoelprom_logo.png","width":272,"height":83,"caption":"Ekoelprom"},"image":{"@id":"https:\/\/ekoelprom.pl\/#\/schema\/logo\/image\/"}}]}},"_links":{"self":[{"href":"https:\/\/ekoelprom.pl\/en\/wp-json\/wp\/v2\/kadra\/2173","targetHints":{"allow":["GET"]}}],"collection":[{"href":"https:\/\/ekoelprom.pl\/en\/wp-json\/wp\/v2\/kadra"}],"about":[{"href":"https:\/\/ekoelprom.pl\/en\/wp-json\/wp\/v2\/types\/kadra"}],"wp:featuredmedia":[{"embeddable":true,"href":"https:\/\/ekoelprom.pl\/en\/wp-json\/wp\/v2\/media\/1803"}],"wp:attachment":[{"href":"https:\/\/ekoelprom.pl\/en\/wp-json\/wp\/v2\/media?parent=2173"}],"curies":[{"name":"wp","href":"https:\/\/api.w.org\/{rel}","templated":true}]}}

Paweł Dobranowski

<!-- This site is optimized with the Yoast SEO plugin v27.2 - https://yoast.com/product/yoast-seo-wordpress/ -->
<title>Paweł Dobranowski - EkoElprom</title>
<meta name="robots" content="index, follow, max-snippet:-1, max-image-preview:large, max-video-preview:-1" />
<link rel="canonical" href="https://ekoelprom.pl/en/kadra/pawel-dobranowski/" />
<meta property="og:locale" content="en_US" />
<meta property="og:type" content="article" />
<meta property="og:title" content="Paweł Dobranowski - EkoElprom" />
<meta property="og:description" content="Projektant sieci telekomunikacyjnych- stała współpraca W 1999r. ukończył Akademia Górniczo- Hutnicza w Krakowie, kierunek elektronika i telekomunikacja o specjalności telekomunikacja Od 2006r. posiada uprawnienia budowlane w zakresie telekomunikacji do projektowania i kierowania robotami bez ograniczeń. Certyfikaty/Uprawnienia: Licencja pracownika zabezpieczenia technicznego II st. 0006133. Dyplom PISA projektowanie sys. zabezp. technicznych kl.SA1-4 Kurs CNBOP projektowanie sys. wykrywania i [&hellip;]" />
<meta property="og:url" content="https://ekoelprom.pl/en/kadra/pawel-dobranowski/" />
<meta property="og:site_name" content="EkoElprom" />
<meta property="article:modified_time" content="2022-09-06T21:43:26+00:00" />
<meta property="og:image" content="https://ekoelprom.pl/wp-content/uploads/2022/08/Wroclavia-xx.jpg" />
	<meta property="og:image:width" content="800" />
	<meta property="og:image:height" content="450" />
	<meta property="og:image:type" content="image/jpeg" />
<meta name="twitter:card" content="summary_large_image" />
<script type="application/ld+json" class="yoast-schema-graph">{"@context":"https://schema.org","@graph":[{"@type":"WebPage","@id":"https://ekoelprom.pl/en/kadra/pawel-dobranowski/","url":"https://ekoelprom.pl/en/kadra/pawel-dobranowski/","name":"Paweł Dobranowski - EkoElprom","isPartOf":{"@id":"https://ekoelprom.pl/#website"},"primaryImageOfPage":{"@id":"https://ekoelprom.pl/en/kadra/pawel-dobranowski/#primaryimage"},"image":{"@id":"https://ekoelprom.pl/en/kadra/pawel-dobranowski/#primaryimage"},"thumbnailUrl":"https://ekoelprom.pl/wp-content/uploads/2022/08/Wroclavia-xx.jpg","datePublished":"2022-08-29T20:08:14+00:00","dateModified":"2022-09-06T21:43:26+00:00","breadcrumb":{"@id":"https://ekoelprom.pl/en/kadra/pawel-dobranowski/#breadcrumb"},"inLanguage":"en-US","potentialAction":[{"@type":"ReadAction","target":["https://ekoelprom.pl/en/kadra/pawel-dobranowski/"]}]},{"@type":"ImageObject","inLanguage":"en-US","@id":"https://ekoelprom.pl/en/kadra/pawel-dobranowski/#primaryimage","url":"https://ekoelprom.pl/wp-content/uploads/2022/08/Wroclavia-xx.jpg","contentUrl":"https://ekoelprom.pl/wp-content/uploads/2022/08/Wroclavia-xx.jpg","width":800,"height":450,"caption":"zdjęcie poglądowe"},{"@type":"BreadcrumbList","@id":"https://ekoelprom.pl/en/kadra/pawel-dobranowski/#breadcrumb","itemListElement":[{"@type":"ListItem","position":1,"name":"Strona główna","item":"https://ekoelprom.pl/en/"},{"@type":"ListItem","position":2,"name":"Kadra","item":"https://ekoelprom.pl/kadra/"},{"@type":"ListItem","position":3,"name":"Paweł Dobranowski"}]},{"@type":"WebSite","@id":"https://ekoelprom.pl/#website","url":"https://ekoelprom.pl/","name":"EkoElprom","description":"Instalacje elektryczne, projekty niskoprądowe, serwerowni, automatyki BMS Kraków","publisher":{"@id":"https://ekoelprom.pl/#organization"},"potentialAction":[{"@type":"SearchAction","target":{"@type":"EntryPoint","urlTemplate":"https://ekoelprom.pl/?s={search_term_string}"},"query-input":{"@type":"PropertyValueSpecification","valueRequired":true,"valueName":"search_term_string"}}],"inLanguage":"en-US"},{"@type":"Organization","@id":"https://ekoelprom.pl/#organization","name":"Ekoelprom","url":"https://ekoelprom.pl/","logo":{"@type":"ImageObject","inLanguage":"en-US","@id":"https://ekoelprom.pl/#/schema/logo/image/","url":"https://ekoelprom.pl/wp-content/uploads/2022/08/ekoelprom_logo.png","contentUrl":"https://ekoelprom.pl/wp-content/uploads/2022/08/ekoelprom_logo.png","width":272,"height":83,"caption":"Ekoelprom"},"image":{"@id":"https://ekoelprom.pl/#/schema/logo/image/"}}]}</script>
<!-- / Yoast SEO plugin. -->

Paweł Dobranowski - EkoElprom

Projektant sieci telekomunikacyjnych- stała współpraca W 1999r. ukończył Akademia Górniczo- Hutnicza w Krakowie, kierunek elektronika i telekomunikacja o specjalności telekomunikacja Od 2006r. posiada uprawnienia budowlane w zakresie telekomunikacji do projektowania i kierowania robotami bez ograniczeń. Certyfikaty/Uprawnienia: Licencja pracownika zabezpieczenia technicznego II st. 0006133. Dyplom PISA projektowanie sys. zabezp. technicznych kl.SA1-4 Kurs CNBOP projektowanie sys. wykrywania i [&hellip;]

zdjęcie poglądowe

Strona główna

Instalacje elektryczne, projekty niskoprądowe, serwerowni, automatyki BMS Kraków
